 divisor of j and 472.
59
Let b(h) = -4 - 21 - 15 - h - 5*h. Let o be b(-10). What is the highest common divisor of o and 90?
10
Let g(j) = 2*j**2 - 9*j + 2. Let f be g(6). Let i be f*3/60*5. Suppose -y - 4*y = -i. What is the highest common divisor of y and 1?
1
Suppose -2*w + 5*m + 39 = -44, -w = -4*m - 34. Let j(o) = 122*o**2 + 2038*o - 18. Let p be j(-17). What is the greatest common divisor of p and w?
54
Let k be (-8)/(1/(-3)*24/20). Let h = -59 + k. Let g = -19 - h. Calculate the highest common factor of 8 and g.
4
Let o(n) = -5*n - 5. Let k = -34 - -29. Let h be o(k). Suppose -4*m + 5*m = 5*r + 225, -4*m - 2*r = -878. Calculate the greatest common factor of h and m.
20
Suppose -4*l + 98 = -56*s + 57*s, -157 = -2*s + 5*l. What is the greatest common factor of 26488 and s?
86
Let t be 3 + (-60)/(6/(-2)). Suppose -3*s + 33 = u - 8, 0 = -3*s + 2*u + 44. Suppose 3*w - t = -s. What is the highest common divisor of 9 and w?
3
Let i(n) = 117*n - 801. Let z be i(7). What is the highest common factor of z and 2682?
18
Suppose 5 + 3 = -2*y - 4*x, 5*y + 3*x + 6 = 0. Suppose -v = y, -f + 4*v - 24 = -3*f. Suppose 0 = -k + f*k - 594. What is the highest common factor of 432 and k?
54
Let z be ((-478)/(-1)*(-3)/(-6))/(-1). Let j = 259 + z. What is the highest common factor of 220 and j?
20
Let l(k) = -6 - k**3 - k**2 - 9*k + 11*k + 2. Let x be l(-3). Calculate the highest common divisor of 80 and x.
8
Let k be (-1223)/(-4) + 6/(-8). Suppose -4*y - k = y. Let n = y - -111. Calculate the greatest common divisor of n and 75.
25
Let n(i) = 2*i**3 + 18*i**2 - 53*i + 84. Let s be n(7). Calculate the greatest common factor of s and 357.
21
Let n = 478 + -207. Let h = -199 + n. What is the highest common divisor of h and 360?
72
Let a(t) = 3*t - 58. Let f be a(21). Suppose -2*j + z + 0*z + 549 = 0, -1371 = -f*j + 2*z. Calculate the greatest common factor of j and 3.
3
Let y = 136 - 133. Let b be (y + -14)/((-2)/24). Calculate the highest common factor of b and 44.
44
Let p be 21/((12/(-16))/((-10)/5)). What is the greatest common factor of p and 2632?
56
Let u(x) = -2*x**3 - 3*x**2 + 13*x + 29. Let n be u(-2). Calculate the highest common divisor of n and 11067.
7
Let a = -74 + 81. Let q(j) = -9*j. Let p(f) = 19*f. Let d(g) = -2*p(g) - 5*q(g). Let k be d(7). Calculate the highest common factor of a and k.
7
Suppose h + 2*h = 237. Let u(s) = -29*s + 5. Let a be u(0). Suppose 3*t + h - 616 = -3*x, -a*x = 2*t - 910. Calculate the greatest common divisor of 23 and x.
23
Let r be (-3)/((1 + 1)/(-8)). Let y be 6/420*35 - 71/(-2). What is the greatest common factor of r and y?
12
Suppose 0 = 109*c - 85*c - 2*c - 5236. Let v(y) = 6*y - 6. Let q be v(8). What is the greatest common factor of c and q?
14
Suppose -90*p - 129764 = -454664. Calculate the greatest common divisor of p and 380.
190
Suppose -726*l + 715*l + 24310 = 0. What is the greatest common divisor of 910 and l?
130
Suppose 52 = 12*h - 248. Suppose -45 = -10*w + h. What is the greatest common divisor of w and 14?
7
Let a = -43 - -68. Calculate the greatest common divisor of a and 2225.
25
Suppose -5*d + 5*s + 10 = 0, 5*s - 15 = 2*s. Suppose 4*n - 43 = -d. Suppose 0*w + 720 = n*w. Calculate the greatest common divisor of w and 40.
40
Suppose 54*u + 10296 + 4033 = 215*u. Calculate the highest common factor of 4 and u.
1
Let t(f) = -84*f. Let x be t(-1). Let p(z) = z**2 + 1865*z - 18526. Let g be p(10). Calculate the highest common divisor of g and x.
28
Suppose -5 = -0*w - w. Suppose 6*m - 5*d - 15 = 5*m, 0 = w*d. Suppose 4*r - m = r, -3*r - 465 = -4*n. What is the greatest common divisor of 15 and n?
15
Suppose 0 = -0*q - 4*q + 140. Suppose 2*a = -3*a + 40. Suppose -v - a = -15. What is the greatest common factor of q and v?
7
Suppose 0 = 5*s - 21 + 6, 0 = -2*k - 4*s + 9732. What is the greatest common divisor of 36 and k?
36
Suppose 5*i - 88 = -7*g + 3*g, 5*i = 2*g - 14. Suppose -2*l = z - 64, 2*l - z = -3*l + 174. What is the highest common divisor of l and g?
17
Let p = -29274 - -29326. Suppose d + 2 = 3*d. Suppose 4*y - 61 + d = -2*b, -48 = -2*b + 2*y. Calculate the greatest common factor of p and b.
26
Suppose 50*h = 12735 + 20565. Calculate the greatest common factor of h and 814.
74
Let a(r) = 5*r**2 - 67*r - 114. Let j be a(17). Let l = 66 + -42. What is the greatest common divisor of j and l?
24
Let x = 62 + -60. Let c be 0 + 1 - (-1)/x*6. Suppose -4*o - c*z = -64 - 92, 4*z - 88 = -2*o. Calculate the highest common factor of o and 272.
34
Let g(b) = b**2 + 14*b - 36. Let d be g(-14). Let n be 8/36 - 1432/d. Suppose 10*j - n = 8*j. What is the highest common factor of j and 30?
10
Suppose -9128 = 35*i - 11578. What is the greatest common factor of 750 and i?
10
Suppose -s = s - 72. Let z(l) = -6410*l - 31888. Let f be z(-5). What is the greatest common divisor of s and f?
18
Suppose f + 0*f = 44. Let w = 105 + -24. Let g = -70 + w. Calculate the greatest common divisor of f and g.
11
Let u be (21 + -6)*(-18)/(-10). Let i = u - -8. Calculate the greatest common factor of i and 245.
35
Suppose -3*l - 2*l = 4*n + 4, -2*n = 2*l + 2. Suppose l = 2*a - 5*k - 394, -5 - 1 = 3*k. What is the greatest common divisor of a and 48?
48
Let w be (-330)/(-4 - -5)*112/(-168). Calculate the greatest common divisor of 1276 and w.
44
Let r be (0 + -9)*(-6)/(-18) + 63. Let j = -36 + r. Let t be 3 - (5 - 2) - -60. What is the highest common divisor of j and t?
12
Let x be 3/12 - (-94)/8. Suppose -4*z + x = -0. Suppose -2 = -4*c + z*c. Calculate the greatest common factor of c and 4.
2
Suppose 222 = 4*c + 54. Let x be (-1)/(-7) - (-3821)/98*14. What is the greatest common divisor of x and c?
42
Suppose s = 3*u - 3*s + 20, -25 = 5*u - 5*s. Suppose u = -58*x + 18*x + 40. Calculate the greatest common divisor of 28 and x.
1
Let n = -187 - -1227. Let y = n - 592. What is the highest common factor of 14 and y?
14
Suppose 2*l = 26*l - 144. Suppose 5*o + 2 = 4*b + 120, -l = 3*b. What is the greatest common divisor of o and 198?
22
Let o be -1 - (22/3)/(1324/(-66) - -20). Calculate the highest common divisor of o and 500.
20
Suppose 7*n + 124915 = 90*n. Calculate the greatest common divisor of 35 and n.
35
Let j(u) = 1436*u + 14298. Let d be j(-7). Calculate the greatest common factor of 1737 and d.
193
Suppose -3*s + 576 = 5*s. Suppose 2*a = 4*w - s, -12*a + 9*a = w - 4. What is the greatest common divisor of 64 and w?
16
Suppose 31*i - 36*i - 1445 = -5*n, -5*n = -2*i - 1448. What is the greatest common factor of 120 and n?
10
Suppose 118*t - 123*t + 160 = -5*q, -3*t = q - 80. What is the greatest common divisor of 378 and t?
14
Let x = 11757 - 11350. What is the greatest common factor of 352 and x?
11
Let x = -26 - -31. Suppose x*f = 2*p - 161, -5*p = 5*f + 107 + 68. Let a be 19/(-76) - f/4. Calculate the greatest common divisor of 72 and a.
8
Suppose -5*g + 4*d - 76 = 0, 0 = 4*g + 3*d + 82 - 15. Let b be (2/g*-14)/((-3)/(-12)). Calculate the greatest common divisor of 21 and b.
7
Suppose -l + 257 = 2*f, 57*l + 239 = 2*f + 52*l. Calculate the highest common factor of 30353 and f.
127
Let t = 9510 + -6925. What is the highest common divisor of t and 141?
47
Suppose 3*s = -2*v + 126, 0 = 4*v - s + 40 - 334. What is the greatest common divisor of v and 2844?
36
Let v(a) = 11*a + 198. Let d be v(36). Calculate the greatest common divisor of d and 4.
2
Let h(g) = -4*g**2 - 45*g - 8. Let m(x) = 4*x**2 + 45*x + 7. Let k(r) = 4*h(r) + 3*m(r). Let i be k(-10). What is the highest common divisor of 104 and i?
13
Let n be (143 - 2) + 2 + (-3)/(-3). Suppose -150*t + 432 = -n*t. What is the highest common factor of t and 54?
18
Let o(f) = -111*f**3 + 35*f**2 + 36*f. Let m be o(-1). What is the highest common divisor of 15565 and m?
55
Let l(m) = -m**2 - 4*m + 17. Let b be l(7). Let s be 21/14*b/(-2). Suppose -3*z - s = -4*z. What is the highest common factor of z and 15?
15
Let n be 106/((-1)/((-497)/6475) - 13). Calculate the highest common factor of n and 142.
71
Let s(o) = -9*o**2 - 295*o - 8. Let g be s(-24). What is the greatest common divisor of g and 236?
236
Let w(o) = o**3 + 46*o**2 + 148*o - 211. Let q be w(-42). Calculate the greatest common divisor of 740 and q.
37
Let f = -139 - -143. Suppose 5*s - 912 = -5*c + f*s, 0 = 